2*y + 4*y = 40. Suppose -4*r - r = -y. Suppose 66 = r*f - 2. What is the highest common divisor of f and 136?
17
Let q be (-22)/6*(1 + 2). Let u = q - -99. What is the highest common factor of 8 and u?
8
Let m be 6/(-9) - 20/(-12). Let z be m*(2 + -3) + 11. What is the highest common factor of z and 30?
10
Let o be 5/(-1)*(-24)/10. What is the highest common factor of o and 30?
6
Let k be (-1)/4 - (-49)/4. Let w(o) = 0 - 2 + 3 - 7*o**2 - 4*o - 2*o**3. Let h be w(-5). Calculate the highest common factor of k and h.
12
Let p = 28 - 13. Let n = -5 + 8. Suppose 78 = 5*z + n*c + 3, 2*c = 4*z - 60. What is the highest common divisor of z and p?
15
Let f be 111/27 + (-3)/27. Calculate the highest common factor of f and 2.
2
Let p be -4 - 2*(-37)/2. What is the greatest common divisor of p and 22?
11
Let p(r) = 22*r + 1. Let c be p(2). Let s be (-1)/2 + (-19)/(-2). Calculate the greatest common factor of c and s.
9
Suppose 5*o = 10*o - 560. Let p = -17 + 33. Calculate the greatest common divisor of p and o.
16
Let g(n) = -12*n**3 - n**2 + 1. Let h be g(-1). Suppose -10*i - 24 = -14*i. Calculate the highest common divisor of h and i.
6
Let i(f) = f**2 + 3*f + 1. Let m be (-6)/(((-4)/2)/36). Let h be (-4)/10 - m/30. Let g be i(h). What is the greatest common factor of 50 and g?
5
Let h = -6 - -7. Let p be (h - -1) + (20 - 4). Calculate the greatest common factor of 90 and p.
18
Let j = 64 - 18. Let z = -16 + j. Suppose 4*l = -b + 85, -3*b - 20 = 2*l - 75. What is the greatest common factor of l and z?
10
Let k = 28 + 6. Calculate the greatest common factor of k and 272.
34
Let n = 173 + 43. Let l = -128 + n. Let u be (-58)/(-5) + (-8)/((-120)/(-9)). Calculate the highest common divisor of l and u.
11
Suppose 2*r + 2*a = r + 13, -5*r + 3*a = -13. Suppose z = 4*x + 45, 3*z = x - 5*x + 55. Calculate the greatest common factor of z and r.
5
Suppose 0 = 4*b + b - 140. Suppose s + b = 3*r - 4*s, 5*r + 5*s = 60. What is the greatest common factor of r and 44?
11
Suppose 0 = -0*f + 4*f - 4. What is the highest common factor of f and 7?
1
Suppose -17 + 67 = 5*o. What is the greatest common divisor of o and 10?
10
Suppose -n = -6 - 9. Suppose -3*u + u = -4*y - 12, -3*y = 5*u - 4. Let i be 2 - ((-48)/3)/u. Calculate the greatest common divisor of i and n.
5
Let v(n) = 15*n + 5. Let p be v(2). Calculate the highest common divisor of p and 7.
7
Let r be (-4)/(-3)*72/32. What is the highest common factor of r and 3?
3
Let i = -26 - -46. What is the greatest common factor of 140 and i?
20
Suppose -2*a - 2*i + 62 = -14, -4*a + 5*i = -188. What is the highest common divisor of a and 14?
14
Let z(c) = 6*c**3 - c**2 - c - 2. Let b(g) = -g**2 + 14*g - 11. Let k be b(13). Let n be z(k). What is the highest common divisor of n and 100?
20
Suppose 0 = -6*k - 1 + 85. Let r(a) = 14*a**2 - a - 2. Suppose -o - 3 + 1 = 0. Let d be r(o). What is the greatest common factor of k and d?
14
Suppose 2*j + 0*j = 0. Let f = 0 - -4. Let k be (j + 6)*18/f. What is the greatest common factor of k and 18?
9
Let l be 8/6 + (-8)/(-12). Let y = 1 + l. Suppose -33 = -y*m - 0. Calculate the greatest common divisor of 33 and m.
11
Let u be (2 + -47)/(-5) + (-1 - -4). Calculate the greatest common divisor of 30 and u.
6
Let i = 35 - 7. Calculate the highest common factor of 42 and i.
14
Let r(p) = -p**2 + 7*p - 1. Let v be r(6). Suppose 3*j = 296 - 116. Let u be (12/(-9) + 2)*j. What is the greatest common factor of v and u?
5
Suppose 3*p = 2*p + 1. Let s(k) be the second derivative of -k**3/6 + 5*k**2 - k. Let m be s(9). What is the highest common divisor of m and p?
1
Let z = 32 + -24. Calculate the highest common divisor of z and 20.
4
Let a(f) = f**3 - f**2 - f. Let k be a(-1). Let v be (37 + -2)*(-2)/k. Calculate the greatest common factor of v and 14.
14
Let m(k) = -k**2 + 5*k + 3. Let d be m(4). Suppose n = -2 + d. Calculate the highest common divisor of 40 and n.
5
Suppose -2*j + 2 = -2*o, -4*j + 12 = -0*j. Calculate the greatest common factor of o and 6.
2
Suppose 2*t - 4*t + 30 = 0. Calculate the greatest common divisor of t and 75.
15
Let d(q) = -q**3 + 4*q**2 + q + 1. Let j be d(4). Calculate the highest common divisor of j and 40.
5
Let h(w) = -23*w - 13. Let i be h(-5). Calculate the greatest common divisor of 34 and i.
34
Let w be -4 - ((-2)/(-3) + 40/(-6)). What is the greatest common factor of w and 3?
1
Suppose 5*a + 2*b - 171 = 85, 0 = 5*a + 4*b - 252. Let l = -30 + a. What is the highest common factor of l and 44?
22
Suppose 144 = 9*c - 5*c. Suppose 6*w + 40 = w. Let z be (-2 + 5)*w/(-6). Calculate the highest common divisor of z and c.
4
Let s = -4 + 4. Suppose -7*h + 2*h + 125 = s. What is the greatest common divisor of h and 50?
25
Let z = 34 + 9. Let i = z - 21. Let t = -23 - -34. What is the highest common factor of t and i?
11
Let v be ((-18)/(-15))/((-4)/(-50)). Suppose -485 = -6*o + 3*o - 5*c, -2*o - 2*c + 326 = 0. What is the greatest common divisor of v and o?
15
Suppose 0*z - 60 = -3*z. Suppose 2*u = 3*u - 1. Let m be ((-8)/(-6))/(u/3). What is the greatest common factor of z and m?
4
Let y(n) = 2*n - 1. Let o be y(2). Suppose 5*j - 2*j = 0. Suppose 3*x - b - 17 = -x, j = b + 5. What is the highest common factor of x and o?
3
Let p(c) = c + 24. Let x be p(13). Calculate the highest common factor of 74 and x.
37
Suppose 275 = -4*m - 93. Let j = m + 131. What is the greatest common divisor of 26 and j?
13
Let h = 70 + -10. Suppose m + m - 5 = -y, 4*y - h = 2*m. Suppose -4*n + 3*l + 33 = 0, -5*n + y + 29 = -3*l. Calculate the highest common factor of n and 72.
9
Suppose 10*d = 7*d + 36. Calculate the highest common divisor of d and 96.
12
Suppose -t + 22 = 5. Suppose 3*n = 13 + t. What is the highest common divisor of n and 30?
10
Let d be ((-11)/33)/(1/(-3)). Suppose r = -z + 2, 4*z + 0*r - r - 3 = 0. What is the greatest common factor of z and d?
1
Suppose -367 = -11*u + 117. Calculate the greatest common divisor of u and 110.
22
Let b be (3/(-4))/((-4)/16). Let w = b + -1. Suppose -7*m + w*m = -100. What is the greatest common factor of m and 5?
5
Let g be (6/(-2))/((-9)/33). What is the highest common divisor of 99 and g?
11
Let r(d) = d**3 + 8*d**2 + 4*d - 3. Let i be r(-7). Let z = i - 6. Calculate the greatest common factor of 8 and z.
4
Let a(v) = v**2 + 11*v + 15. Let k be a(-10). Suppose 0 = 2*l + 4*c - 76, 0 = k*l + 6*c - c - 205. What is the greatest common factor of l and 110?
22
Let w be (-30)/(-165) - (-3472)/22. Let t = w + -95. Calculate the highest common divisor of 9 and t.
9
Let k be (1 - 2) + 3/1. Suppose k*l - 6*l + 44 = 0. What is the greatest common divisor of 1 and l?
1
Let b(k) be the first derivative of -k**3/3 - k**2/2 - 2*k - 1. Let u be b(0). Let p be (-4)/8 + (-13)/u. Calculate the highest common divisor of p and 30.
6
Let w be (5 - 3) + 16/2. Let m be (-4)/(-14) - 556/(-14). What is the greatest common divisor of w and m?
10
Let f(r) = -r**3 - 5*r**2 + 2*r - 6. Let w be f(-6). Suppose -2*s = 3*s - 30. What is the greatest common divisor of s and w?
6
Let k = 71 + -41. Let i = -239 + -137. Let g be i/(-5) + 2/(-10). What is the greatest common factor of g and k?
15
Let g = 16 - 24. Let v(m) = -3*m - 6. Let u be v(g). What is the highest common factor of u and 2?
2
Let f be (-89 - -2)*(-2)/3. Let q = f - 10. Calculate the greatest common divisor of q and 32.
16
Let p(i) = i**3 - 2*i + 42. Let b be p(0). Suppose b = 2*t - 3*u - 2*u, -4 = u. What is the greatest common factor of 44 and t?
11
Let j = -48 + 92. Calculate the greatest common divisor of 11 and j.
11
Suppose -5*p - 163 = -3*s, 4*s + 4*p + 0*p = 164. Let a = s - 22. What is the greatest common divisor of 36 and a?
12
Let o(z) = -z + 9. Let n be o(-9). Let s(w) = -71*w + 2. Let u be s(-2). What is the highest common divisor of u and n?
18
Let z = -28 - -63. Let k = 65 - z. Let y be 4/10 + 657/45. What is the greatest common divisor of y and k?
15
Let g be ((-33)/4)/(9/(-24)). Let x(w) = -w**3 - 9*w**2 - 3*w - 9. Let o be x(-7). Let j be o/(-8) - 4/(-16). Calculate the highest common divisor of g and j.
11
Let z be -20*(-1)/3 + (-1)/(-3). Let g be 2/4*(1 + -3). Let a be (0/g + -1)*-49. Calculate the greatest common divisor of z and a.
7
Let v be (-5)/((-20)/6)*10. Suppose 2*x - 30